the prime factors of (-4)/t - (-38)/9?
2
Suppose -17*l + 20*l = 141. List the prime factors of l.
47
Suppose o + 3*o = 64. List the prime factors of (-8)/3*(-24)/o.
2
Suppose 3*r + 0 = -3. Let d be r + (-2 - (-4 - -3)). List the prime factors of (d + 29)/3 - -2.
11
Let n(k) = k**2 - 10*k + 2. What are the prime factors of n(11)?
13
Let t(i) = -i**2 - 34*i - 6. List the prime factors of t(-9).
3, 73
Suppose 0 = 5*f + 51 + 39. List the prime factors of (-1)/1*f + 1.
19
Let r(n) = -n**2 + 10*n - 5. Suppose -2 = -2*y + y. Suppose 2*z + y*z = -16, 5*x - 20 = -5*z. What are the prime factors of r(x)?
11
Suppose 0 = 5*t + 5*x + 23 - 63, -2*x - 20 = -2*t. Suppose -63 - t = -4*s. What are the prime factors of s?
2, 3
Let w(y) = -y - 4. Let q(r) = 3*r + 8. Let k(l) = -3*q(l) - 5*w(l). List the prime factors of k(-4).
2, 3
Suppose 10 = 8*u - 6*u. Suppose -4*n - 3 = -3*k - 3*n, -2*k - 6 = 2*n. Let v = u - k. List the prime factors of v.
5
What are the prime factors of 21 - -3 - (3 + -5)?
2, 13
Let p = -20 - -42. Suppose -5*v + 155 = 5*j, 3*v - 55 - p = j. What are the prime factors of v?
3
Let v = -552 + 921. List the prime factors of v.
3, 41
Suppose 3*y = -y + 316. What are the prime factors of y?
79
Suppose m + 27 - 68 = 0. What are the prime factors of m?
41
Let p(a) = 12*a**2 - 9*a - 6. List the prime factors of p(-3).
3, 43
Suppose -3*g = -2*x - 40, -9 - 17 = 2*x + 4*g. Let r = -11 - x. Suppose 0 = -2*c - 0 + r. List the prime factors of c.
3
Let b be 8/(-12)*(-18)/4. Suppose -h + 5*a = 14, -h - b*a + 13 = -13. What are the prime factors of h?
11
Let z = 158 - 138. What are the prime factors of z?
2, 5
Let o(i) = -5*i**3 + 11*i**2 - i + 2. Let m(q) = q**3 - 1. Let x(g) = 6*m(g) + o(g). Suppose 50 = -5*f - 5*r - 5, 0 = r. List the prime factors of x(f).
7
Suppose -20 = -3*y - 2*y. Suppose 4*g + 3 = -2*q - g, -9 = -y*q - 5*g. Let w = 8 - q. List the prime factors of w.
2
Let d = -24 - -157. What are the prime factors of d?
7, 19
Let w = 15 + 8. Let j(z) = 3*z + 9. Let l be j(-7). Let k = w + l. What are the prime factors of k?
11
Let q(m) = -2*m**2 + 8*m**2 - 5*m + 2 - m**3 + 2*m**2. Suppose -7*f = -2*f - 35. List the prime factors of q(f).
2
Suppose 0 = -3*r + 5 + 1. Suppose 12 = -r*f + 44. What are the prime factors of f?
2
Let i = 16 + 44. What are the prime factors of i?
2, 3, 5
Let w(z) = -z + 5. Let h be w(5). Let l = 5 + h. Suppose 2*n - l*n = -4*b + 63, -63 = -3*b - 3*n. What are the prime factors of b?
2, 3
Let z(x) = x - 4. Let o be 102/27 + (-2)/(-9). Let f be z(o). Suppose f*b = b - 8. What are the prime factors of b?
2
Suppose 0 = 7*i - 8*i + 90. Let x = 128 - i. List the prime factors of x.
2, 19
Suppose -4*k + 3*k = -5*i + 22, -2*i = 2*k - 4. Suppose -59 = -4*u - 3*h, 6*h + 34 = i*u + 4*h. List the prime factors of u.
11
What are the prime factors of (-12)/8*496/(-12)?
2, 31
Let v = 10 - 7. Let g = v + -1. Suppose -5 = -g*c + 7. What are the prime factors of c?
2, 3
What are the prime factors of (-335)/(-4) + (-12)/(-48)?
2, 3, 7
Let y(o) = -7*o - 2. Let q be ((-6)/(-7))/((-3)/21). Let z be y(q). Suppose -x - 4*x = -z. List the prime factors of x.
2
Suppose -5*q - u - 68 + 227 = 0, -u - 1 = 0. What are the prime factors of q?
2
Let t(d) = -5 - d**3 + 6*d + 0*d - 2*d - 2*d**2. List the prime factors of t(-4).
11
Let f be (-10)/(-25) - 16/(-10). Suppose -u = -3*z + 23, -f*z + u + 12 = -3*u. Let k(b) = b**3 - 9*b**2 + 9*b + 2. List the prime factors of k(z).
2, 5
Let c(a) = a**2 - a. Let i(h) = 4*h**2 + 4*h - 2. Let v(q) = -3*c(q) + i(q). List the prime factors of v(-8).
2, 3
What are the prime factors of (-5)/((-5)/14) - 4?
2, 5
Let u(i) = 5*i**2 - 23*i - 9. What are the prime factors of u(7)?
3, 5
Suppose -z = -2*v - 1, -2*v + 3*v = 2*z + 7. Let n(b) be the third derivative of -b**4/24 + b**3 + b**2. List the prime factors of n(z).
11
What are the prime factors of 2*10*364/35?
2, 13
Suppose -198 = 2*n - 4*n. What are the prime factors of n?
3, 11
Let k(s) = 2*s**2 - 2*s. List the prime factors of k(4).
2, 3
Let i(p) be the second derivative of -p**5/20 + p**4/4 + p**3/3 - 3*p**2/2 - 2*p. What are the prime factors of i(3)?
3
Suppose -10 = 4*n - 42. Suppose -7*p + n = -3*p. Suppose 16 = l + p*i - 2, -24 = -3*l + 4*i. List the prime factors of l.
2, 3
Let g(x) = -x**3 + 6*x**2 + 2*x - 4. Let f be g(6). Let j be (-1)/(-2) - 796/f. List the prime factors of j/(-6)*(-4)/(-6).
11
Let t(q) = -4*q + 4. What are the prime factors of t(-3)?
2
Let m(f) be the first derivative of f**5/60 - f**4/8 + 2*f**3/3 + 2*f**2 + 1. Let u(o) be the second derivative of m(o). List the prime factors of u(3).
2
Let m = -81 - -97. What are the prime factors of m?
2
Let p(n) = -n. Let k(z) = -3*z - 2. Let g be k(-2). Let a be (1 - -1)/((-1)/g). List the prime factors of p(a).
2
Let i = 11 + -3. Suppose 3*v = v + i. List the prime factors of v.
2
Suppose 2*q + 100 = -18. Let n = q - -82. List the prime factors of n.
23
Suppose -5*j - 138 + 48 = 0. Let k = 62 - 32. Let r = k + j. List the prime factors of r.
2, 3
Let l(s) = s**3 + 8*s**2 + 7. Suppose 0*d + 32 = -4*o - 4*d, 0 = -d. What are the prime factors of l(o)?
7
Suppose -u = 2*z - 19 - 5, -5*z = 25. What are the prime factors of u?
2, 17
Let k = -59 - -90. List the prime factors of k.
31
Suppose -2*u + 86 = -2*n, -2*n = -4*u + 3*n + 173. List the prime factors of u.
2, 3, 7
Suppose 3*o - 4*g = 23, -5*o = 2*g - 4 - 17. Let k(l) = 6*l - 2. What are the prime factors of k(o)?
2, 7
Let u = 8 + -18. List the prime factors of (-255)/u + (-3)/(-6).
2, 13
List the prime factors of ((-7)/3)/(((-4)/(-168))/(-1)).
2, 7
Let o(f) = -2*f**2 - 2*f**3 - 3*f**3 - 2 + 6*f**3 - f. Let s(m) = m**3 - 3*m**2 - 4*m + 3. Let l be s(4). List the prime factors of o(l).
2
Let j = -72 - -102. What are the prime factors of j?
2, 3, 5
Let k(g) = g - 6. What are the prime factors of k(10)?
2
Let a = -93 + 131. List the prime factors of a.
2, 19
What are the prime factors of 733/4 - 3/(-4)?
2, 23
Let a be (10/4)/(5/70). Let n = -25 + a. Suppose 8*x - 3*x - n = 0. List the prime factors of x.
2
List the prime factors of (45/6)/(2/4).
3, 5
Let r = -14 + 18. What are the prime factors of r?
2
Suppose 0 = g + w - 66, 58 = 3*g - 2*g + 3*w. List the prime factors of g.
2, 5, 7
Let y(a) = -a + 12. List the prime factors of y(-6).
2, 3
Let k = 6 - 1. Suppose 0 = -b - 3*b - 8. Let c = k - b. What are the prime factors of c?
7
Suppose 0 = 4*g - 3*z + 27, -g - 3 = g - 5*z. Let a = 14 + g. Suppose -a*w + 28 = -w. What are the prime factors of w?
7
Let g be -4*1*1/(-2). Let d(q) = 2*q**g - 7*q + 0*q**2 + q - q + 5. List the prime factors of d(4).
3
Let l(j) = -11*j**2 + j - 7. Let g(t) = 0*t**2 - 4 + 0 + t - 5*t**2. Let d(p) = 13*g(p) - 6*l(p). What are the prime factors of d(-9)?
2
List the prime factors of (2/4)/(3/270).
3, 5
Let m(o) = 6*o**3 + o**2 + 3*o - 2. What are the prime factors of m(2)?
2, 7
Let l(s) = -s**3 - 6*s**2 + 5*s - 6. Let h = 14 + -21. What are the prime factors of l(h)?
2
Let j(h) = h**3 - 6*h**2 + 4*h + 5. What are the prime factors of j(6)?
29
Let t(a) be the first derivative of a**4/4 + 8*a**3/3 + 11*a**2/2 + 8*a + 5. List the prime factors of t(-6).
2, 7
Let t = -251 - -416. List the prime factors of t.
3, 5, 11
Let g(l) = -2*l**2 - 4*l + 5. Let n(u) = -u**2 - u. Let d(w) = -g(w) + n(w). Let q = -56 - -50. What are the prime factors of d(q)?
13
Let c(d) = -d**3 - 6*d**2 - d - 9. Let r be c(-7). Suppose 0 = -p - 4*u - 11, -3*p + 3*u + u + r = 0. What are the prime factors of p?
3
Let o(d) = d + 2. Let z(w) = w**2. Let g be z(3). Let k = -4 + g. List the prime factors of o(k).
7
Let w = -7 + 13. What are the prime factors of w?
2, 3
Let i be -3 + -4*(-2)/1. Suppose 4 = i*d - 1. Suppose 3*h - d = 41. List the prime factors of h.
2, 7
Suppose 3*u + 122 = 2*v + 3, 2*u = -5*v - 73. Let h = u + 84. Suppose 2*w = -2*w + 2*a + 42, -a - h = -5*w. List the prime factors of w.
2
Let v be 1 - (2 + -3 + 3). List the prime factors of (-3 + 5 + v)*11.
11
Let d(z) = -z**2 - 10*z - 3. Let o be d(-9). Let a be 2 - (-3)/(o/16). Suppose r + a - 23 = 0. List the prime factors of r.
13
Suppose 0 = -2*r + r. Suppose r = -5*u - n + 79, 5*n - 11 = -u - 0*u. List the prime factors of u.
2
Let b = 11 - -45. List the prime factors of b.
2, 7
Let v be ((